y/3)/((-35)/8820). Calculate the greatest common factor of j and 210.
42
Let d(l) = l**3 + 8*l**2 - 11*l - 13. Let f be d(-9). Suppose -3*w + 2*g = -479 - 1187, -2*w + f*g = -1129. What is the greatest common factor of 48 and w?
24
Let f be (-7)/6 - 1/(-6). Let v be (-251)/3*(-2 + f). Suppose 6*y + 41 = v. Calculate the greatest common divisor of y and 7.
7
Let n(w) = 18*w**2 - 6*w - 10. Let m be n(-2). Suppose -m*p = -68*p - 42. What is the greatest common divisor of p and 28?
7
Let g be 27/18 - (-933487)/86. What is the highest common factor of 368 and g?
184
Let c(g) = 2*g**2 - 9*g - 321. Let x be c(-12). Calculate the greatest common divisor of x and 250.
25
Let k be 2 + 16 - (0 - -2). Let b(w) = w**2 - 15*w - 15. Let r be b(k). Calculate the highest common factor of 1 and r.
1
Let i be ((-6)/(-4) + -4 + -1)*-6. Let a be (-12)/(-9)*-3*1. Let j be a/(-6)*27/6. Calculate the highest common divisor of i and j.
3
Suppose 7*u = 304 + 2888. Suppose 3 = 3*b - 0, -5*w + u = b. Calculate the highest common divisor of 13 and w.
13
Let a = -184 - -168. Let b be 450/(-20)*a/12. Calculate the highest common factor of b and 40.
10
Let v(j) = -540*j - 1944. Let r be v(-4). Let h be (-1 - -2)/(1/27). Calculate the highest common divisor of r and h.
27
Let v be 97 + 8 + (-15 - -25). What is the greatest common divisor of v and 3243?
23
Suppose 9*o = 18*o - o - 8624. Calculate the greatest common divisor of 35 and o.
7
Suppose -d = -21 + 5. Let s(y) = 3*y - 24. Let f be s(7). Let j be (-11)/f + 6/90*5. What is the greatest common divisor of j and d?
4
Suppose 0 = 6*s - 13424 + 1118. Calculate the highest common divisor of s and 7.
7
Let o = -1709 - -4382. Let q be (2/3)/(66/o). What is the highest common divisor of q and 21?
3
Suppose -127*h + 22163 = 6161. What is the highest common factor of h and 5229?
63
Let y(z) = 6*z - 14. Let p be y(4). Suppose 19*m - 24*m = -p. Suppose -4*j + 17 = l - j, 0 = -l + m*j + 22. What is the highest common divisor of l and 20?
20
Let p = -92 + 182. Let a(i) = i**3 - 21*i**2 - 23*i - 54. Let t be a(22). Let l = t + 94. Calculate the greatest common divisor of l and p.
18
Let f(l) = -l**3 + 11*l**2 + 13*l + 13. Let h be f(12). Let p(s) = 46*s - 5 - 22*s + h*s. Let m be p(1). Calculate the highest common divisor of 4 and m.
4
Suppose -10 - 10 = -5*p + 5*v, v + 8 = 5*p. Let z = 7 - p. Suppose 3*q - 5*q = -108. What is the greatest common divisor of q and z?
6
Let z = -2993 + 5021. Calculate the highest common factor of z and 273.
39
Let j = -306 + 593. Let z = j - 215. What is the highest common factor of 9 and z?
9
Suppose 0 = -142*y + 109*y + 33. Calculate the greatest common divisor of y and 6.
1
Let z be 62 + 1*(-1 - -3). Let k = -613149 + 613153. Calculate the highest common divisor of z and k.
4
Let t(v) = 15*v**2 - 1. Let j = 24 - 23. Let o be t(j). Suppose -7*g + o = -0. What is the highest common factor of 1 and g?
1
Let h(w) = 5*w**3 - 186*w**2 - 23*w - 235. Let p be h(38). What is the greatest common divisor of p and 13?
13
Suppose 0 = -63*q + 57*q + 900. Let z = q + -130. What is the highest common divisor of 150 and z?
10
Let p(t) = t**3 + 5*t**2 + t - 72. Let r(n) = 2*n**2 + 3*n. Let a be r(-3). Let j be p(a). Calculate the highest common factor of 63 and j.
63
Suppose 7*q - 4*q - 5*l = 1158, -q + 388 = -l. What is the greatest common divisor of 153 and q?
17
Suppose 76498 = 5*p + u, -43*p + 30592 = -41*p + 4*u. Calculate the greatest common divisor of 45 and p.
45
Let z(c) = c**3 - 7*c**2 + 3*c - 6. Let w be z(7). Let t be (297/18 - -6)*486/w. Calculate the highest common factor of t and 162.
81
Let n(x) = 22*x - 2. Let y be n(11). Suppose 5*h - y = 15. Suppose 0 = -5*d + 24 + h. Calculate the greatest common factor of d and 165.
15
Suppose -6*v + 2*k + 119 = -11, 0 = 4*v - 4*k - 84. What is the greatest common factor of v and 7568?
22
Suppose 3*z + 56 = 3*k - 43, 4*z + k + 137 = 0. Let j = 70 + z. What is the highest common factor of j and 54?
18
Let x be 92/322 - 6/21. Suppose 19*b - 920 + 84 = x. Let u(k) = k**3 - 2*k**2 + 3*k - 2. Let i be u(5). Calculate the highest common factor of i and b.
44
Suppose 22751 + 10945 = 162*f. Calculate the highest common divisor of 48 and f.
16
Suppose 909 = 99*z - 28791. What is the highest common divisor of z and 1100?
100
Suppose -36 = -5*k + 14. Let x(s) = 3*s**2 + 4*s - 9. Let g be x(5). Suppose 16 = -2*b + g. What is the highest common divisor of k and b?
5
Let v(i) = 2*i**2 + 6*i - 35. Let t be v(5). Let y be t/6 + 3 - 27/(-18). Calculate the greatest common divisor of 228 and y.
12
Let d = -125 + 120. Let h be 0 + 5/d - -301. Calculate the greatest common divisor of h and 24.
12
Suppose -2 = 3*k - 170. Let l = 44 - 22. Let a = k - l. What is the greatest common divisor of a and 17?
17
Let i = -107 - -520. Let p = -345 + i. What is the greatest common divisor of p and 272?
68
Let q = 395 + -390. Suppose q*k + 5*s - 90 = 0, 0*s = -5*k - 2*s + 81. What is the greatest common divisor of k and 75?
15
Let u(s) = -3*s**3 + s**2. Let z be u(-1). Suppose 0 = 4*x + z*y - 260, 0*x = -2*x + 2*y + 130. What is the highest common divisor of 26 and x?
13
Let u(m) = 26*m - 305. Let y be u(22). Calculate the greatest common factor of 1691 and y.
89
Suppose 23*p - 7*p = 11*p + 1430. Calculate the highest common factor of 364 and p.
26
Let h = 37 - 26. Suppose -4*d + z + 33 = 0, -h = -2*d + 2*z + 7. What is the greatest common factor of 56 and d?
8
Let x = -373 - -367. Let a be (x - -1) + (-18)/((-6)/2). Calculate the greatest common factor of a and 23.
1
Let j(i) = i**3 + 4*i**2 - 6*i - 3. Let m(c) = -5*c**3 - 2*c**2 + 2*c + 1. Let n be m(1). Let b be j(n). Calculate the greatest common divisor of 273 and b.
21
Let i(h) = h**3 - 11*h**2 + 10*h + 1. Let a be i(9). Let b be (4 + a)/((-3)/(-72)*-3). What is the highest common divisor of b and 8?
8
Let r(o) = o + 2. Let t(c) = 40*c + 64. Let p(h) = -4*r(h) + t(h). Let q be p(4). What is the greatest common divisor of q and 50?
50
Let m(a) = a**3 - 34*a**2 - 35*a - 1714. Let v be m(37). What is the highest common divisor of 36 and v?
18
Let s = 316 + -303. Let z = s + 123. Calculate the highest common factor of 102 and z.
34
Suppose 0 = -53*r + 52*r. Let t be 7*5/(1 + r). Calculate the greatest common divisor of t and 245.
35
Let i(a) = 20*a**3 - 2*a**2 + 2*a. Let o be i(1). Let w = o + -62. Let h be (w + 2)*(138/(-24) + 5). What is the greatest common factor of h and 10?
10
Let y(c) = 3*c**2 - 88*c - 76. Let q be y(34). Calculate the greatest common factor of 64 and q.
16
Let o(h) = -219*h + 16. Let k be o(1). Let u = k + 243. Calculate the greatest common divisor of u and 10.
10
Suppose -p + 3*p + w = 830, 0 = -2*p - 2*w + 832. Let u = -300 + p. Calculate the highest common factor of u and 152.
38
Let m(b) = b**3 + 34*b**2 + 284*b + 5. Let v be m(-19). What is the greatest common factor of 648 and v?
24
Let o be ((-108)/18 - -1) + 158. What is the highest common factor of 261 and o?
9
Suppose r - 36*r + 11988 = 76*r. What is the highest common factor of r and 1269?
27
Let w = -644 + -347. Let b = 1426 + w. What is the highest common divisor of 30 and b?
15
Let v be (-5)/(-5)*200 - 2. Let l be 4/(10/45 - 0). What is the greatest common factor of v and l?
18
Suppose 4*l + 52 = 496. Let o = l + -70. Let m = 64 - o. What is the greatest common divisor of 115 and m?
23
Let d = 4834 + -4066. Calculate the greatest common factor of 1104 and d.
48
Suppose 226*z = 113*z - 199 + 877. Let l = 30 + 24. What is the highest common factor of z and l?
6
Let j = 5206 - 5200. Suppose 0 = -2*d + p + 17, -d + 4*p - p + 21 = 0. What is the greatest common factor of d and j?
6
Suppose 4303*o = 4319*o - 1216. What is the greatest common factor of 17708 and o?
76
Suppose 4*w - 171 = -5*z, -4*z - 2 - 2 = 0. Let x = 242 - w. Suppose -25*d + 23*d + x = 0. Calculate the greatest common factor of 9 and d.
9
Suppose -2*g = -5*i - 58, 2*g + 17 = -i + 63. Suppose 8*m - 6*m - 36 = 0. What is the greatest common factor of g and m?
6
Let o = -1047 + 1145. What is the greatest common factor of o and 539?
49
Let u be 10/(22/((-2112)/60)). Let m = -56 - -136. Let q = m + u. What is the highest common factor of q and 48?
16
Let z(j) = -3*j + 2. Let u(p) = 20*p - 98. Let 